n(g) + 7*z(g). Determine b(3).
19
Let o be (-22)/(-143) - (-620)/26. Let k = 23 - o. Let v(b) = 6*b - 1. Calculate v(k).
-7
Let c(z) be the first derivative of -z**4/4 + 8*z**3/3 - z**2/2 + 3*z - 64. Let k(j) = j**2 + 8*j + 8. Let a be k(-8). Determine c(a).
-5
Let k(s) be the first derivative of -1/6*s**3 + 0*s**2 + 1 - 2*s. Let r(g) be the first derivative of k(g). What is r(1)?
-1
Let j(v) = 14*v - 307 + 297 + 9*v - 20*v. Give j(-10).
-40
Let r(o) be the second derivative of -o**4/12 + o**3/6 + o**2 - 320*o. Determine r(2).
0
Let y(x) = -x**2 - 12*x - 40. Suppose 3*p - 2*r + 29 = 0, 7*p - 19 = 12*p + 4*r. Calculate y(p).
-5
Suppose 0 = -x + 5, o - 3*x + 13 = -0*o. Let d(a) = 2*a**2 + 3*a + o + 3*a**2 + 0*a**2 - 4*a**2. What is d(-3)?
2
Let o(u) be the second derivative of -u**3/6 + 6*u**2 + u + 279. Determine o(5).
7
Let r = 2 + 6. Suppose -36 = 5*o - a, 3*o + 3*a - 7*a + r = 0. Let p(u) = u + 3. Give p(o).
-5
Let t = -157 - -223. Let b(v) = 66 - t + v. What is b(5)?
5
Let s be (-1)/(-4)*(6 + 6). Let j(n) = -n - n + 4*n - s*n. Calculate j(3).
-3
Let c(v) = -v**3 - v**2 - v + 8. Let z(t) = -8*t**3 - 80*t**2 + t + 10. Let i be z(-10). What is c(i)?
8
Let z = -9 - -14. Suppose 2*f - 2 = f. Let q(s) = -2*s**2 + 23*s - 5 - f*s**2 - 29*s + s**3 + 4. Determine q(z).
-6
Let c(x) = -6*x**2 - x**2 + 3 - 9*x - x**2 - 5 + 9*x**2. Calculate c(8).
-10
Let c(b) = b**2 - 4*b + 8. Let m(o) be the first derivative of -3*o**2/2 - 9*o + 34. Let x = 5 - 10. Let d be m(x). Calculate c(d).
20
Let t(q) = q**3 - 2*q**2 - 8*q + 8. Let s be t(3). Let p(m) = 2*m + 13. What is p(s)?
-1
Suppose 8*g - 3*g = -25. Let i be (g + 7 - -3)/(-1). Let m(v) = v**3 + 4*v**2 - 3*v - 4. Give m(i).
-14
Let r(a) = 3*a**2 + 20*a + 8. Let q(n) = -3*n**2 - 23*n - 9. Let g(m) = -6*q(m) - 7*r(m). Give g(-3).
-23
Let i(s) = -10*s**3 + s**2 - 2*s - 1. Let u(p) = p. Let d = -70 + 71. Let l(a) = d*i(a) + 2*u(a). What is l(-1)?
10
Let m be (-9)/1 - (-131 - -118). Let a(d) be the second derivative of -d**4/12 + 5*d**3/6 + d**2 - 4*d. Give a(m).
6
Let p(j) = j**2 - 5*j. Let w be (-22)/(-6) + -1*(-4)/12. Determine p(w).
-4
Let z(i) = 2*i**2 - 4*i + 4. Let x(p) = 7*p**2 - 10*p + 13. Let v(u) = -3*x(u) + 10*z(u). Give v(-12).
-23
Let w(s) = s**3 - 17*s**2 - 15*s + 10. Let c be w(18). Let q = c + -59. Let h(r) = r**2 - 8*r + 6. Determine h(q).
-9
Let a = -10 - -17. Let f(c) = c - 6 - a + 0*c + 4. Calculate f(7).
-2
Let o(g) be the second derivative of -g**3 - 6*g**2 + 231*g. Give o(-4).
12
Let l = 544 - 546. Let s(k) be the first derivative of 1 - 2*k + 1/2*k**2 + k**3. Give s(l).
8
Let k(j) = j - 1. Let z(r) = 17*r - 2. Let t be z(1). Let d be t/10*-2 + 2. Calculate k(d).
-2
Let f(r) be the second derivative of r**4/12 + 4*r**3/3 + 13*r**2/2 + 4*r + 32. Give f(-5).
-2
Let k be (-4)/8*(48/(-4))/3. Let w(g) = 1 + 2*g**2 + 2 + 0 - 2. Calculate w(k).
9
Let c(s) = 4*s**3 + s**2 - 1. Let t(d) = 15*d - 106. Let z be t(7). Calculate c(z).
-4
Let g(f) = -2*f**2 + 4*f + 3. Suppose 0*w + 19 = 3*q + 4*w, 0 = 2*w - 2. Suppose -29 = -5*c - l, 0*c = 4*c - q*l. What is g(c)?
-27
Let u(j) = 19*j + 24. Let b be u(-1). Let o(k) = -k**3 + 3*k**2 + 2*k + 4. Calculate o(b).
-36
Suppose 5*c + 1 - 16 = 0, -5*i - 4*c = -32. Let j = -5 + i. Let b(f) = -f**2 - f - 1. Determine b(j).
-1
Suppose -48 = 8*j - 120. Let r(i) = -2*i**2 + 18*i - 1. Determine r(j).
-1
Let g(q) = 16*q + 7. Let y(p) = -21*p - 8. Let z(r) = -5*g(r) - 4*y(r). Give z(1).
1
Let u(s) = 2*s**2 + 3*s - 3. Let f(n) = n**2 + n - 1. Let q(b) = -9*f(b) + 4*u(b). Let w = 13 - 13. Let m be w + 1 + -2 - -3. Give q(m).
-1
Let z(b) be the second derivative of -1/20*b**5 - 9*b - 5/6*b**3 - 3/2*b**2 + 0 - 5/12*b**4. What is z(-3)?
-6
Let r = -79 - -82. Let a(y) = 3*y - 3 - 20*y**3 + 4*y**r - 2*y**2 + 0 + 15*y**3. Give a(-3).
-3
Suppose 0 = -5*y + 31 + 14. Let t(n) = n**2 - 8*n - 10. Let p be t(y). Let m(g) = 1 - g - 3 + 3. Give m(p).
2
Let r(h) be the third derivative of -1/24*h**4 - 1/6*h**3 + 0 - 23*h**2 - 1/20*h**5 + 0*h. Give r(-2).
-11
Suppose -4*v + 20 = 2*o, 0*o = v + 4*o - 5. Let a(s) be the third derivative of s**4/24 - s**3 - 565*s**2. What is a(v)?
-1
Let b(r) = 8*r - 5. Suppose 28 = -8*a + 15*a. Calculate b(a).
27
Let r(i) = i**3 - 12*i**2 + 12*i - 11. Suppose 4*t - 6*t = -22. Let k be r(t). Let g(p) = p**2 + k*p + 0*p**2 - 1 + 3 + 6*p. Determine g(-6).
2
Let a(x) = x**2 + 2*x + 1. Let i(p) = -p**3 + 4*p**2 + p - 3. Let n(r) = 3*a(r) + i(r). What is n(8)?
-8
Let y(t) = -t - 7. Let g(b) = -b. Let h be g(-5). Suppose 0*z - 4*r + 6 = h*z, 10 = 4*z - 2*r. Suppose -4*j = -5*o, -3*j + z*o = 7*o. What is y(j)?
-7
Let b(k) = -k**3 - 15*k**2 + 17*k + 22. Suppose -22 = 2*z - 5*y, z = 2*y - 6*y - 24. Determine b(z).
6
Let n be (6 - 5)*-3*33. Let z = n - -97. Let j(t) = t - 2. Determine j(z).
-4
Let x(g) = g**3 + 13*g**2 - 18*g - 40. Let z be x(-14). Let s(d) = d - 3. Give s(z).
13
Let c(q) = -4*q + 2. Let k(h) = 4*h**2 - 21*h - 22. Let x be k(-1). Determine c(x).
-10
Let v(i) be the second derivative of i**3/2 - 9*i**2/2 + 17*i - 4. Calculate v(-5).
-24
Let f(v) = -v + 2*v + 5 - 2*v + v**2 - 5*v + 17*v. Give f(-10).
-5
Suppose -2*j - m = -6*j + 9, 4*j = -m + 15. Suppose -9 = -5*i - 3*u, -3*u + 2 + 1 = j*i. Let l(y) = 2*y - 2. Determine l(i).
4
Suppose -5*r + 3 = 2*t - 2, -3*r = -3. Let h(n) = 2*n**2 - 9*n - 11. Let b(u) = -u**2 + 4*u + 5. Let f(i) = -7*b(i) - 3*h(i). Calculate f(t).
-2
Let d(p) = -3*p - 1. Let m(t) be the first derivative of -5*t**2 - 3*t - 13. Let z(i) = -7*d(i) + 2*m(i). What is z(-2)?
-1
Let i be 0 - (-3 - (-3 + 4)). Suppose -6*v - 14 = -i*v. Let d(w) = -w + 8 + 4*w - 2*w. Give d(v).
1
Suppose -3*r = 4*r + 7*r. Suppose -5*n - m + 2 - 25 = r, 2*n + m = -8. Let w(k) = k**2 + 7*k - 11. Let d(h) = -h + 1. Let g(v) = 4*d(v) + w(v). Give g(n).
3
Suppose 4*o + 5 = -3. Let g(z) = 61*z**3 + 2*z - 2*z**2 - 31*z**3 - 32*z**3. Calculate g(o).
4
Suppose -3*p + 12 = -3. Suppose p*g - 9 - 6 = 0. Let u(c) = -2 + c**3 + 60*c + 6 - 58*c + g*c**2. What is u(-3)?
-2
Let f(x) = -7*x**2 + 17*x + 4. Let u(z) = -3*z**2 + 8*z + 2. Let o(v) = 2*f(v) - 5*u(v). Let m = 14 - -6. Suppose -6*a + 2*a = -m. Determine o(a).
-7
Let a(d) = -6*d. Let l(b) = -b**3 - b - 1. Let m(i) = 11*i**2 + 8*i + 9. Let g(y) = l(y) - m(y). Let x be g(-10). Let s = -19 - x. What is a(s)?
-6
Let t(g) = 3*g**3 - 11*g**2 + 12*g + 11. Let w(z) = -2*z**3 + 6*z**2 - 7*z - 6. Let j(y) = 3*t(y) + 5*w(y). What is j(-4)?
15
Suppose 5*p + a - 5 = -2, -6 = 3*a. Let l(u) = u**3 + u**2 - 5*u + 5. Let i(g) = 2*g**3 + 2*g**2 - 9*g + 9. Let s(k) = 6*i(k) - 11*l(k). Give s(p).
2
Suppose -5*l - 40 = 5*a, 2*a - 25 = 7*a. Let o(y) be the first derivative of -3*y**2/2 - 2*y + 34. Give o(l).
7
Let l(u) = 6 - 7*u**2 + 8*u + 11 - 16 - u**3. Let x(j) = -j**3 - 13*j**2 + j + 5. Let f be x(-13). Calculate l(f).
1
Let r be 39*9/(-5) + (-1)/(-5). Let o = r + 75. Let t(g) = -g + 10. Determine t(o).
5
Let h = -12 - 4. Let v = h + 6. Let k = 5 + v. Let f(z) = -z**2 - 8*z - 4. Calculate f(k).
11
Let r be 6/39 - (-282)/26. Let k(i) = i**3 - 12*i**2 + 12*i - 7. Let d be k(r). Suppose 2*l - d = 4. Let z(m) = m**2 - m + 2. Give z(l).
14
Let k = 32 - 29. Suppose 10 = -3*i - 2*o, -i - 2*i = -k*o - 15. Let w(t) = t**2 + 0 + 2 - 5. Determine w(i).
-3
Let o(f) = -2*f + 7. Let p = 69 - 29. Suppose -5*l = 4*j - 11, 5*j - p = 2*l - 3*l. Determine o(j).
-11
Let p(t) = 3*t**3 - 2*t**2 + 3*t - 4. Let q be p(2). Suppose h + q = 4*h. Let m(k) be the first derivative of k**4/4 - 2*k**3 - k**2 + 6*k - 4. Calculate m(h).
-6
Let f(q) = -1 - 18*q - 7*q**2 - 1 - 49610*q**3 + 49611*q**3. What is f(9)?
-2
Let d(m) = 10*m + 3. Let r(f) = 39*f + 12. Let t(l) = -9*d(l) + 2*r(l). Give t(-2).
21
Let j(d) = d**2 - 12*d - 17. Let z be -18*(-3 - (-70)/30). Determine j(z).
-17
Suppose 2*s + 3 = 5*r - 4*r, -r = -3. Suppose 0 = -t - s + 4. Let c(i) = -2*i + 5. Determine c(t).
-3
Let m(a) = 2*a + a**2 + 9*a + 6 - 2*a**2 + 2*a**2. Determine m(-8).
-18
Let h(j) = 2*j**2 - 14*j + 6. Let n(u) = -12*u + 223. Let l be n(18). Determine h(l).
6
Let d be (-1 - (-1)/(-4))*-4. Let j(x) = 3 + 5 + x + d - 16. Determine j(-5).
-8
Let b(u) = -u + 4. Let g be 3/(-6)*(-1 + -2 + 1). Suppose 1 - g = -2*j. Determine b(j).
4
Let b(u) = 0*u**2 + 2*u**2 - 245*u**3 + 249*u**3. Determine b(-